{"id":1347,"date":"2019-04-02T17:57:17","date_gmt":"2019-04-02T17:57:17","guid":{"rendered":"http:\/\/www.salonandreea.ro\/?page_id=1347"},"modified":"2019-04-16T13:09:26","modified_gmt":"2019-04-16T13:09:26","slug":"termeni-si-conditii","status":"publish","type":"page","link":"https:\/\/salonandreea.ro\/index.php\/termeni-si-conditii\/","title":{"rendered":"Termeni si Conditii"},"content":{"rendered":"<div class=\"container section-title-container\" ><h3 class=\"section-title section-title-center\"><b><\/b><span class=\"section-title-main\" >Termeni si Conditii<\/span><b><\/b><\/h3><\/div>\n<p>Conditii Generale pentru utilizarea site-ului nostru.<\/p>\n<p>INTRODUCERE<br \/>Prezentele Conditii Generale definesc conditiile de utilizare a site-ului nostru de catre potentialii vizitatori sau clienti. Acces\u00e2nd si navig\u00e2nd pe acest site, acceptati termenii de utilizare descrisi \u00een continuare.<\/p>\n<p>DREPTURILE ASUPRA CONTINUTULUI SITE-ULUI<br \/>Societatea nostra, nu va transfera titlul de proprietate asupra aplicatiilor software .<\/p>\n<p>Societatea nostra detine drepturi complete si depline asupra titlului de proprietate si prin aceasta toate drepturile de autor si cele brevetate. Nu aveti dreptul sa redistribuiti, vindeti, decompilati, dezasamblati aplicatia software \u00eentr-o forma perceptibila de catre oameni.<\/p>\n<p>Toate informatiile, produsele sau aplicatiile continute \u00een acest site sunt proprietatea societatii nostre, care \u00eesi rezerva dreptul de a modifica continutul si\/sau structura site-ului \u00een orice moment si fara nici o informare prealabila.<\/p>\n<p>\u00centregul continut al site-ului nostru este protejat prin Legea drepturilor de autor, toate drepturile fiind rezervate. Toate drepturile referitoare la pagini, continutul si prezentarea site-ului sunt detinute de societatea nostra. Este interzisa copierea, modificarea, afisarea, distribuirea, transmiterea, publicarea, comercializarea, licentierea, crearea unor materiale derivate sau utilizarea continutului site-ului \u00een orice scop fara confirmarea scrisa din partea societatii nostre.<\/p>\n<p>NEANGAJAREA RASPUNDERII<br \/>Continutul informatiilor se refera la descrierea \u00eentr-un anumit grad de detaliere a activitatilor, produselor si serviciilor societatii noastre. Societatea nostra nu va acorda nici o garantie referitoare la:<\/p>\n<ul>\n<li>evitarea utilizarii anevoioase sau \u00eentreruperii \u00een utilizare a site-ului;<\/li>\n<li>neafectarea \u00een sens negativ a altor sisteme prin utilizarea site-ului;<\/li>\n<li>inexistenta pe site-ul pus la dispozitie a virusilor sau alte componente care ar putea dauna utilizatorilor.<\/li>\n<\/ul>\n<p>Astfel, societatea nostra nu poate fi responsabila pentru nici un fel de daune directe sau indirecte produse prin utilizarea site-ului sau.<br \/>Toate informatiile prezentate pe site cu privire la produsele noastre, preturi, informatii, campanii si promotii de marketing, aspecte tehnice, sunt prezentate cu titlu informativ. Nimic din continutul site-ului nostru nu poate constitui o oferta ferma de a contracta si nu poate angaja raspunderea societatii noastre \u00een lipsa unor acorduri ulterioare.<\/p>\n<p>OBIECTIVUL CONTINUTULUI SITE-ULUI<br \/>Obiectivul continutului site-ului este de a transmite informatii actualizate si exacte.<\/p>\n<p>Societatea nostra nu poate garanta ca prezentele pagini nu contin erori, si asigura ca va depune toate diligentele pentru realizarea unei informari corecte si remedierea eventualelor erori.<\/p>\n<p>Orice persoana care doreste sa-si procure unul din serviciile sau produsele prezentate \u00een site este rugata sa contacteze societatea nostra prin unul din mijloacele afisate \u00een pagina de \u201cContact\u201d a site-ului, pentru a se informa at\u00e2t asupra disponibilitatii serviciului sau produsului \u00een cauza c\u00e2t si asupra conditiilor contractuale, tarifelor si informatiilor tehnice sau de alta natura.<\/p>\n<p>INFORMATII PERSONALE<br \/>C\u00e2nd prin intermediul prezentului site va sunt solicitate informatii, aceasta are ca scop identificarea dumneavoastra sau posibilitatea de a va contacta. Acest lucru este cu at\u00e2t mai necesar \u00een cazul folosirii aplicatiilor disponibile pe site.<\/p>\n<p>Natura informatiilor solicitate se refera \u00een special la date personale (nume, adresa, numere de telefon), adresa de e-mail, modul \u00een care sunt utilizate sau intentioneaza sa fie utilizate produsele si\/sau serviciile societatii noastre, dar poate include si alte informatii aflate \u00een str\u00e2nsa legatura cu utilizarea serviciilor si\/sau produselor solicitate.<\/p>\n<p>Cu scopul de a raspunde mai bine nevoilor si \u00eentrebarilor utilizatorilor site-ului, informatiile solicitate prin intermediul acestui site vor face obiectul unei stocari si prelucrari electronice.<\/p>\n<p>LEGATURA CU ALTE SITE-URI<br \/>Prezentul site poate contine legaturi sau trimiteri catre alte site-uri considerate de societatea nostra utile \u00een legatura cu continutul site-ului sau si care nu se afla sub controlul sau \u00eendrumarea sa. \u00cen cazul utilizarii acestor legaturi sau trimiteri se vor aplica conditiile generale de utilizare corespunzatoare acelor site-uri.<\/p>\n<p>Societatea nostra nu poate garanta\/controla actualitatea\/exactitatea informatiilor prezente pe site-urile unor terti, la care se face trimitere de pe site-ul sau.<\/p>\n<p>INFORMATIILE OFERITE PRIN INTERMEDIUL SITE-ULUI<br \/>Orice persoana care viziteaza site-ul nostru si care ofera date sau informatii cu caracter personal prin intermediul acestui site \u00eesi manifesta acordul \u00een mod expres si neechivoc pentru urmatoarele:<\/p>\n<ul>\n<li>prelucrarea acestor date si informatii personale de catre societatea nostra \u00een vederea efectuarii de studii de piata;<\/li>\n<li>transmiterii de materiale promotionale specifice operatiunilor de marketing direct;<\/li>\n<li>solutionarea de catre societatea nostra a cererilor, \u00eentrebarilor si reclamatiilor adresate (a se vedea pagina Contact din site);<\/li>\n<li>alte activitati \u00eentreprinse de societatea nostra si permise de lege, ce nu fac obiectul unei aprobari din partea destinatarului.<\/li>\n<\/ul>\n<p>Societatea nostra va pastra confidentialitatea acestor informatii.<\/p>\n<p>Utilizarea \u00een continuare a acestui site constituie acordul expres si neechivoc al dumneavoastra \u00een conformitate cu prevederile legii 677\/2001 si directivelor GDPR pentru protectia persoanelor cu privire la prelucrarea datelor cu caracter personal si libera circulatie a acestor date.<\/p>\n<p>Pentru orice nelamurire \u00een legatura cu exercitarea drepturilor dumneavoastra referitoare la utilizarea site-ului si la protectia utilizarii va rugam sa ne contactati prin intermediul sectiunii \u201cContact\u201d din site.<\/p>\n<p>\u00a0<\/p>\n<p>\u00a0<\/p>\n","protected":false},"excerpt":{"rendered":"<p>Conditii Generale pentru utilizarea site-ului nostru. INTRODUCEREPrezentele Conditii Generale definesc conditiile de utilizare a site-ului nostru de catre potentialii vizitatori sau clienti. Acces\u00e2nd si navig\u00e2nd pe acest site, acceptati termenii de utilizare descrisi \u00een continuare. DREPTURILE ASUPRA CONTINUTULUI SITE-ULUISocietatea nostra, nu va transfera titlul de proprietate asupra aplicatiilor software . Societatea nostra detine drepturi complete [&#8230;]\n","protected":false},"author":1,"featured_media":0,"parent":0,"menu_order":0,"comment_status":"closed","ping_status":"closed","template":"","meta":{"footnotes":""},"class_list":["post-1347","page","type-page","status-publish","hentry"],"_links":{"self":[{"href":"https:\/\/salonandreea.ro\/index.php\/wp-json\/wp\/v2\/pages\/1347","targetHints":{"allow":["GET"]}}],"collection":[{"href":"https:\/\/salonandreea.ro\/index.php\/wp-json\/wp\/v2\/pages"}],"about":[{"href":"https:\/\/salonandreea.ro\/index.php\/wp-json\/wp\/v2\/types\/page"}],"author":[{"embeddable":true,"href":"https:\/\/salonandreea.ro\/index.php\/wp-json\/wp\/v2\/users\/1"}],"replies":[{"embeddable":true,"href":"https:\/\/salonandreea.ro\/index.php\/wp-json\/wp\/v2\/comments?post=1347"}],"version-history":[{"count":0,"href":"https:\/\/salonandreea.ro\/index.php\/wp-json\/wp\/v2\/pages\/1347\/revisions"}],"wp:attachment":[{"href":"https:\/\/salonandreea.ro\/index.php\/wp-json\/wp\/v2\/media?parent=1347"}],"curies":[{"name":"wp","href":"https:\/\/api.w.org\/{rel}","templated":true}]}}